 Let i be r(-3). Calculate the greatest common divisor of i and g.
19
Let b = 9 - -13. Let r = -5 - -3. Let q be 2/(2/r)*-1. Calculate the highest common factor of q and b.
2
Let t be (-54)/10 + 6/15. Let z = 24 + t. What is the highest common divisor of z and 152?
19
Let g be (10/(-8))/((-8 - -11)/(-24)). Calculate the greatest common divisor of g and 210.
10
Let j be ((-3)/2 - -2)*0. Let w be -1*(-2)/2*83. Suppose 4*z + f - w = -j*z, 5*z - 110 = 5*f. What is the highest common factor of 7 and z?
7
Let r(o) = -o**2 + 11*o + 12. Let p be r(11). Calculate the highest common factor of 24 and p.
12
Suppose 3*p - 3*w = 63, 52 = 5*p - 3*p - 4*w. Let g(n) = -n**3 + 8*n**2 + 2*n - 4. Let x be g(6). What is the highest common divisor of x and p?
16
Suppose j + 81 = 2*d, -2*d + 3*j = -4*d + 101. Calculate the greatest common factor of 43 and d.
43
Suppose 10*k - 226 = 5*k - 3*f, -k + 2*f + 53 = 0. Calculate the highest common divisor of k and 329.
47
Let i = 27 + -17. Suppose 0 = -3*a - a + 8. Suppose 3*h - a = -m - 6, 2*m - 8 = 2*h. What is the greatest common factor of m and i?
2
Let d be (0 - 1)/(2/58). Let g = d - -47. What is the highest common divisor of 3 and g?
3
Let w(a) = 2*a**3 + a**2 + 1. Let f be w(-2). Let m = 11 - f. What is the highest common divisor of 22 and m?
22
Let s(b) = b**2 + 2*b + 5. Let y be s(5). Calculate the greatest common divisor of 16 and y.
8
Suppose 4*s = -u - 3*u - 12, -5*s - 2*u = 0. What is the highest common divisor of s and 4?
2
Let u be 94/18 + (-2)/9. Suppose 87 = -u*y + 227. Calculate the highest common divisor of 70 and y.
14
Let f(k) = -13*k - 8. Let p(q) = q. Let s(m) = -f(m) + 4*p(m). Let w be s(6). Suppose 4*b = 54 - 14. Calculate the highest common factor of b and w.
10
Suppose 0 = -q - 3*q + 80. What is the highest common divisor of q and 10?
10
Let s be (-1 - 6/(-3))*51. What is the greatest common factor of s and 34?
17
Suppose 0*a - a = 0. Let h be a - (-2 + -11 - 3). What is the highest common factor of h and 48?
16
Let d(j) = 2*j**3 - 10*j**2 + 7*j - 6. Let m be d(6). What is the highest common divisor of 12 and m?
12
Suppose -600 = -9*p + 6*p. Suppose -2*c = 4*k - 66, -k - 3*k - 59 = -3*c. What is the greatest common factor of p and c?
25
Suppose -4*k = -4*m + 100, -m - 3*m = -3*k - 95. What is the highest common factor of 8 and m?
4
Let p = -18 - -69. Let t(v) = 11*v**2 - 4*v. Let b be t(3). Suppose l = 5*n - b, l = -2 - 0. What is the greatest common factor of n and p?
17
Let x(h) be the second derivative of -h**5/20 - h**4/6 + h**3/3 + 3*h**2 - h. Let u be x(-4). Calculate the highest common divisor of 20 and u.
10
Let p(v) = v**2 - 23. Let i be p(-10). Calculate the greatest common factor of i and 7.
7
Suppose u + 120 = 5*c - 3*u, 4*c - 96 = u. What is the highest common divisor of 144 and c?
24
Suppose 2*k - 1 + 5 = 0. Let c be 1 + k + 10*1. Let g(z) = -3*z**3 - z**2 - 3*z. Let t be g(-3). What is the highest common divisor of t and c?
9
Suppose 429 = 5*u - 4*l - 0*l, 5*l = -2*u + 165. What is the greatest common divisor of u and 17?
17
Let l(o) = -2*o + 30. Let j be l(-9). What is the highest common factor of 32 and j?
16
Let f = 85 - 61. Calculate the greatest common factor of f and 8.
8
Let b be (15/45)/(1/9). Calculate the greatest common factor of 21 and b.
3
Suppose 0*o - 5*o - 5*t = -170, t = -4. Suppose 5*h = -5*d + 175, -4*d = -h - 2*d + o. What is the greatest common divisor of h and 24?
12
Let c be (1 - -2)/(-4 - 139/(-34)). Calculate the highest common factor of 374 and c.
34
Suppose 0 = -b - 1 + 86. Let w(d) = 2*d**3 - 3*d**2 + d + 4. Let x be 14/(-35) - (-34)/10. Let n be w(x). Calculate the greatest common divisor of b and n.
17
Suppose 7*f = 8*f - 4. Suppose h + 5*k - 17 = 0, -2*k - 220 = -6*h + h. Let m be (f/(-6))/((-4)/h). What is the highest common factor of m and 56?
7
Suppose -w = -53 - 45. Suppose 15*k - 14*k - 28 = 0. Suppose 6*b - 8*b + k = 0. What is the greatest common divisor of w and b?
14
Let p(m) = -6*m**3 - 6*m**2 - 4*m - 2. Let y be p(-2). Let c(f) = -f**3 + 2*f**2 + 5*f - 1. Let r be c(-4). What is the highest common divisor of r and y?
15
Let v be 49 + -1 + 3 + -2. Let p be (6 + 171/(-18))/((-2)/4). What is the greatest common factor of v and p?
7
Let t be 3/(-12) + (-41)/(-4). Calculate the highest common factor of t and 10.
10
Let k be (0 + -2)*(-11 + 1/1). What is the highest common factor of 20 and k?
20
Suppose b - 16 = -0. What is the greatest common divisor of 16 and b?
16
Let i(g) = 5*g + 1. Let b = -5 + 6. Let a be 2*(2/b)/2. Let y be i(a). What is the highest common divisor of y and 121?
11
Suppose -3*b - 1 + 25 = 0. Suppose 4*v - 8 = -0, 86 = 5*x - 2*v. Let c = x + -2. Calculate the highest common factor of c and b.
8
Let h(u) = 19*u + 15. Let w be h(12). Calculate the highest common factor of w and 27.
27
Let u be 64/(-12)*(0 + -12). Let a(q) = 8*q. Suppose 4*g - 5*r - 10 = 18, 0 = -5*g - 3*r - 2. Let n be a(g). Calculate the greatest common divisor of u and n.
16
Suppose 3*m - 4 = 2*m. Let r be m - 4/2 - 1. Suppose 0 = k - 6 - 1. What is the greatest common factor of r and k?
1
Let u(t) = -t**3 - t**2 + 4*t - 5. Suppose 2*k = 6*k - 12. Suppose k = 2*n + 11. Let p be u(n). Calculate the highest common divisor of 18 and p.
9
Let f(z) = -z**2 + 9*z - 3. Let y be f(6). What is the greatest common factor of 10 and y?
5
Let w = 89 - 85. What is the greatest common divisor of w and 28?
4
Suppose 20 = -2*t + 4*n, -n + 32 = -3*t + 3*n. Let y = t + 44. Let d(a) = a. Let f be d(4). Calculate the highest common divisor of y and f.
4
Suppose 4*c - 30 = -2*j, 55 = 5*c + 2*j + 19. Suppose -4*l + c*l = 32. Let a be 88/((-2)/4*-1). What is the highest common factor of a and l?
16
Let m be 1*2 + (-26)/(-2). Let i(r) = -r**2 - 8*r - 7. Let t be i(-6). What is the greatest common factor of t and m?
5
Suppose 14 = i + x - 4*x, -i = 5*x + 10. Suppose h - 5 = -u, i*u + 3*h - 31 = -0*h. Calculate the highest common factor of u and 56.
8
Let t be 0 + 2*1/(-1). Let u = t - -102. Calculate the highest common factor of 25 and u.
25
Let p(r) = 2*r**2 + 2*r - 1. Let h be p(1). Let k be 10*((6 - h) + -2). What is the greatest common factor of k and 50?
10
Let h = 55 + -31. Let f = 34 - -26. What is the greatest common divisor of h and f?
12
Let b be (-1 - -15)*5/(-10). Let s = b - -77. Let w be (-165)/(-6) + 4/8. Calculate the highest common factor of w and s.
14
Suppose -f - 4 = -3, -2*p + 3*f + 11 = 0. Suppose 0*t + 36 = 4*x + p*t, -27 = -3*x - 2*t. Calculate the highest common divisor of 45 and x.
9
Let d(z) = -z + 14. Let u be d(10). Calculate the greatest common divisor of 16 and u.
4
Let s = -12 + 50. Suppose -5*f - 4*b = -f - 104, -2*f + s = -5*b. What is the greatest common factor of f and 216?
24
Let m be (-182)/52*((-96)/14)/2. Let x be (-4)/(-14) + (-52)/(-14). What is the greatest common divisor of x and m?
4
Suppose 8*n - 304 = -3*q + 3*n, -2*n = q - 100. Suppose -54 = -2*v - 4*g, 0 = -v + 4*v - 3*g - q. Calculate the highest common factor of v and 22.
11
Let i be -1 + 0 + 3 + -2. Suppose i = -2*g + 1 + 1. Suppose 3 + 5 = 2*c. Calculate the highest common divisor of g and c.
1
Let s(c) = c**3 + 3*c**2 + 2. Let m be s(-3). Let v = 4 - 2. Suppose -v*i = -44 + m. Calculate the highest common divisor of i and 3.
3
Let y(o) = 3*o - 3. Let m be y(4). Let k be (72/(-14))/(8/(-112)). What is the highest common divisor of m and k?
9
Let i(u) = -u**3 + 3*u**2 - 2*u + 3. Let r be i(2). Suppose w + w - 28 = 0. Let f = w - 8. Calculate the greatest common divisor of f and r.
3
Suppose -3*c - 12 = -7*c. Suppose -3*h = -4*g - 26, c*g = -0*g - 6. Let f be (136/(-24))/((-2)/h). What is the greatest common factor of 187 and f?
17
Let z(f) = 5*f**2 + 5*f + 2. Let a be z(6). Let d be (-6)/(-9) + a/6. What is the greatest common divisor of 9 and d?
9
Suppose -g - 13 = -2*l + 47, 4*g = -5*l + 176. What is the highest common divisor of l and 32?
32
Let i = 11 - -13. Let l = i + -12. Calculate the highest common factor of 30 and l.
6
Suppose -7 - 5 = -6*u. Let m(x) = x + 5. Let s be m(-4). Let i be -24*((-2)/(-6) - s). Calculate the highest common divisor of u and i.
2
Let i(y) = y**3 - 11*y**2 + 9*y + 8. Let f be i(10). Let s(m) = -4*m - 2. Let k be s(f). Calculate the highest comm